{"id":8,"date":"2015-03-01T14:14:01","date_gmt":"2015-03-01T12:14:01","guid":{"rendered":"http:\/\/roskovce.sk\/?page_id=8"},"modified":"2023-08-24T09:06:23","modified_gmt":"2023-08-24T07:06:23","slug":"kontakty","status":"publish","type":"page","link":"https:\/\/roskovce.sk\/?page_id=8","title":{"rendered":"Samospr\u00e1va"},"content":{"rendered":"\t\t<div data-elementor-type=\"wp-page\" data-elementor-id=\"8\" class=\"elementor elementor-8\">\n\t\t\t\t\t\t<section class=\"elementor-section elementor-top-section elementor-element elementor-element-1cf350a elementor-section-boxed elementor-section-height-default elementor-section-height-default\" data-id=\"1cf350a\" data-element_type=\"section\" data-e-type=\"section\">\n\t\t\t\t\t\t<div class=\"elementor-container elementor-column-gap-default\">\n\t\t\t\t\t<div class=\"elementor-column elementor-col-100 elementor-top-column elementor-element elementor-element-98552f4\" data-id=\"98552f4\" data-element_type=\"column\" data-e-type=\"column\">\n\t\t\t<div class=\"elementor-widget-wrap elementor-element-populated\">\n\t\t\t\t\t\t<div class=\"elementor-element elementor-element-4f312e5c elementor-widget elementor-widget-text-editor\" data-id=\"4f312e5c\" data-element_type=\"widget\" data-e-type=\"widget\" data-widget_type=\"text-editor.default\">\n\t\t\t\t<div class=\"elementor-widget-container\">\n\t\t\t\t\t\t\t\t\t<h2 style=\"text-align: center;\">\u00a0<\/h2>\n<h2 style=\"text-align: center;\"><a href=\"http:\/\/roskovce.sk\/wp-content\/uploads\/2015\/03\/erb_roskovce.jpg\"><img decoding=\"async\" class=\"alignnone size-medium wp-image-95\" src=\"http:\/\/roskovce.sk\/wp-content\/uploads\/2015\/03\/erb_roskovce.jpg\" alt=\"erb_roskovce\" width=\"90\" height=\"106\" \/><\/a><\/h2>\n<h2 style=\"text-align: center;\"><strong>Obecn\u00fd \u00farad Ro\u0161kovce<\/strong><\/h2>\n<p>Toto webov\u00e9 s\u00eddlo\u00a0<a href=\"http:\/\/www.hrabovcik.sk\/\">www.roskovce.sk<\/a> spravuje Obec Ro\u0161kovce je spracovan\u00e9 a naplnen\u00e9 v s\u00falade s platnou legislat\u00edvou, pod\u013ea pravidiel pr\u00edstupnosti webov\u00e9ho s\u00eddla pod\u013ea pr\u00edlohy<br \/>\u010d. 1 V\u00fdnosu o \u0161tandardoch pre IS VS (\u00fa\u010dinnos\u0165 1.10.2008, vydan\u00fd vo Finan\u010dnom spravodajcovi MF SR \u010d. 9\/2008).<\/p>\n<p><strong>Spr\u00e1vca obsahu:<\/strong><br \/>Obec Ro\u0161kovce<\/p>\n<p><strong>Adresa:<br \/><\/strong>Obecn\u00fd \u00farad Ro\u0161kovce<br \/>Ro\u0161kovce 49<br \/>067 02 Ro\u0161kovce<\/p>\n<p style=\"text-align: left;\"><strong>I\u010cO:<\/strong> 00323471<\/p>\n<p><strong>Samospr\u00e1vny kraj:<\/strong> Pre\u0161ovsk\u00fd<br \/><strong>Okres:<\/strong> Medzilaborce<br \/><strong>Regi\u00f3n:<\/strong> Horn\u00fd Zemlp\u00edn<br \/><strong>Po\u010det Obyvate\u013eov:<\/strong> 140<br \/><strong>Rozloha:<\/strong> 1255 ha<br \/><strong>Prv\u00e1 p\u00edsomn\u00e1 zmienka:<\/strong>\u00a0 v roku 1478<\/p>\n<p><strong>V\u0161eobecn\u00e9 inform\u00e1cie:<\/strong> roskovce@zoznam.sk<\/p>\n<p style=\"text-align: left;\"><strong>Starosta:<\/strong> Peter \u0160ak, tel.: <em>0904 763 050, 0905 654 183<\/em><\/p>\n<p>Z\u00e1stupca starostu: Jozef Cviklik<\/p>\n<p style=\"text-align: left;\"><strong>Poslanci:<\/strong><\/p>\n<ol>\n<li>Patrik Labi\u0161ak<\/li>\n<li>Dominik Ka\u010dur<\/li>\n<li>Jozef Cviklik<\/li>\n<li>Ing. Daniel Petru\u0148o<\/li>\n<li>Jozef Besterci<\/li>\n<\/ol>\n<p style=\"text-align: center;\"><\/p>\n<p><strong>Hlavn\u00fd kontrol\u00f3r:<\/strong> Luk\u00e1\u0161 Komarc, Ing., Bc.<\/p>\n\t\t\t\t\t\t\t\t<\/div>\n\t\t\t\t<\/div>\n\t\t\t\t\t<\/div>\n\t\t<\/div>\n\t\t\t\t\t<\/div>\n\t\t<\/section>\n\t\t\t\t<\/div>\n\t\t","protected":false},"excerpt":{"rendered":"<p>\u00a0 Obecn\u00fd \u00farad Ro\u0161kovce Toto webov\u00e9 s\u00eddlo\u00a0www.roskovce.sk spravuje Obec Ro\u0161kovce je spracovan\u00e9 a naplnen\u00e9 v s\u00falade s platnou legislat\u00edvou, pod\u013ea pravidiel pr\u00edstupnosti webov\u00e9ho s\u00eddla pod\u013ea pr\u00edlohy\u010d. 1 V\u00fdnosu o \u0161tandardoch pre IS VS (\u00fa\u010dinnos\u0165 1.10.2008, vydan\u00fd vo Finan\u010dnom spravodajcovi MF SR \u010d. 9\/2008). Spr\u00e1vca obsahu:Obec Ro\u0161kovce Adresa:Obecn\u00fd \u00farad Ro\u0161kovceRo\u0161kovce 49067 02 Ro\u0161kovce I\u010cO: 00323471 Samospr\u00e1vny kraj: Pre\u0161ovsk\u00fdOkres: MedzilaborceRegi\u00f3n: Horn\u00fd Zemlp\u00ednPo\u010det Obyvate\u013eov: 140Rozloha: 1255 haPrv\u00e1 p\u00edsomn\u00e1 zmienka:\u00a0 v roku 1478 V\u0161eobecn\u00e9 inform\u00e1cie: roskovce@zoznam.sk Starosta: Peter \u0160ak, tel.: 0904 763 050, 0905&#8230;<\/p>\n<p class=\"read-more\"><a class=\"btn btn-default\" href=\"https:\/\/roskovce.sk\/?page_id=8\"> Read More<span class=\"screen-reader-text\">  Read More<\/span><\/a><\/p>\n","protected":false},"author":1,"featured_media":0,"parent":0,"menu_order":0,"comment_status":"closed","ping_status":"closed","template":"","meta":{"footnotes":""},"class_list":["post-8","page","type-page","status-publish","hentry"],"_links":{"self":[{"href":"https:\/\/roskovce.sk\/index.php?rest_route=\/wp\/v2\/pages\/8","targetHints":{"allow":["GET"]}}],"collection":[{"href":"https:\/\/roskovce.sk\/index.php?rest_route=\/wp\/v2\/pages"}],"about":[{"href":"https:\/\/roskovce.sk\/index.php?rest_route=\/wp\/v2\/types\/page"}],"author":[{"embeddable":true,"href":"https:\/\/roskovce.sk\/index.php?rest_route=\/wp\/v2\/users\/1"}],"replies":[{"embeddable":true,"href":"https:\/\/roskovce.sk\/index.php?rest_route=%2Fwp%2Fv2%2Fcomments&post=8"}],"version-history":[{"count":15,"href":"https:\/\/roskovce.sk\/index.php?rest_route=\/wp\/v2\/pages\/8\/revisions"}],"predecessor-version":[{"id":2705,"href":"https:\/\/roskovce.sk\/index.php?rest_route=\/wp\/v2\/pages\/8\/revisions\/2705"}],"wp:attachment":[{"href":"https:\/\/roskovce.sk\/index.php?rest_route=%2Fwp%2Fv2%2Fmedia&parent=8"}],"curies":[{"name":"wp","href":"https:\/\/api.w.org\/{rel}","templated":true}]}}