{"id":747,"date":"2018-05-02T10:47:07","date_gmt":"2018-05-02T08:47:07","guid":{"rendered":"http:\/\/roskovce.sk\/?page_id=747"},"modified":"2022-12-08T22:19:33","modified_gmt":"2022-12-08T20:19:33","slug":"faktury-2018","status":"publish","type":"page","link":"https:\/\/roskovce.sk\/?page_id=747","title":{"rendered":"Fakt\u00fary 2018"},"content":{"rendered":"<p><a href=\"http:\/\/roskovce.sk\/wp-content\/uploads\/2018\/05\/Do\u0161le-fakt\u00fary-2018-1.pdf\"><span style=\"color: #0000ff;\">Do\u0161l\u00e9 fakt\u00fary janu\u00e1r &#8211; marec 2018<\/span><\/a><\/p>\n<p><span style=\"color: #0000ff;\"><a href=\"http:\/\/roskovce.sk\/wp-content\/uploads\/2018\/05\/Do\u0161le-fakt\u00fary-apr\u00edl-j\u00fan-2018.pdf\"><span style=\"color: #0000ff;\">Do\u0161l\u00e9 fakt\u00fary apr\u00edl &#8211; j\u00fan 2018<\/span><\/a><\/span><\/p>\n<p><span style=\"color: #0000ff;\"><a href=\"http:\/\/roskovce.sk\/wp-content\/uploads\/2018\/05\/Do\u0161l\u00e9-fakt\u00fary-j\u00fal-2018-september-2018.pdf\">Do\u0161l\u00e9 fakt\u00fary j\u00fal &#8211; september 2018<\/a><\/span><\/p>\n<p><a href=\"http:\/\/roskovce.sk\/wp-content\/uploads\/2018\/05\/Fakt\u00fary.pdf\">Fakt\u00fary 10, 11, 12 2018<\/a><\/p>\n","protected":false},"excerpt":{"rendered":"<p>Do\u0161l\u00e9 fakt\u00fary janu\u00e1r &#8211; marec 2018 Do\u0161l\u00e9 fakt\u00fary apr\u00edl &#8211; j\u00fan 2018 Do\u0161l\u00e9 fakt\u00fary j\u00fal &#8211; september 2018 Fakt\u00fary 10, 11, 12 2018<\/p>\n","protected":false},"author":1,"featured_media":0,"parent":11,"menu_order":0,"comment_status":"closed","ping_status":"closed","template":"","meta":{"footnotes":""},"class_list":["post-747","page","type-page","status-publish","hentry"],"_links":{"self":[{"href":"https:\/\/roskovce.sk\/index.php?rest_route=\/wp\/v2\/pages\/747","targetHints":{"allow":["GET"]}}],"collection":[{"href":"https:\/\/roskovce.sk\/index.php?rest_route=\/wp\/v2\/pages"}],"about":[{"href":"https:\/\/roskovce.sk\/index.php?rest_route=\/wp\/v2\/types\/page"}],"author":[{"embeddable":true,"href":"https:\/\/roskovce.sk\/index.php?rest_route=\/wp\/v2\/users\/1"}],"replies":[{"embeddable":true,"href":"https:\/\/roskovce.sk\/index.php?rest_route=%2Fwp%2Fv2%2Fcomments&post=747"}],"version-history":[{"count":8,"href":"https:\/\/roskovce.sk\/index.php?rest_route=\/wp\/v2\/pages\/747\/revisions"}],"predecessor-version":[{"id":929,"href":"https:\/\/roskovce.sk\/index.php?rest_route=\/wp\/v2\/pages\/747\/revisions\/929"}],"up":[{"embeddable":true,"href":"https:\/\/roskovce.sk\/index.php?rest_route=\/wp\/v2\/pages\/11"}],"wp:attachment":[{"href":"https:\/\/roskovce.sk\/index.php?rest_route=%2Fwp%2Fv2%2Fmedia&parent=747"}],"curies":[{"name":"wp","href":"https:\/\/api.w.org\/{rel}","templated":true}]}}