{"id":73,"date":"2015-03-01T21:29:09","date_gmt":"2015-03-01T19:29:09","guid":{"rendered":"http:\/\/roskovce.sk\/?page_id=73"},"modified":"2017-11-11T00:10:36","modified_gmt":"2017-11-10T22:10:36","slug":"verejne-obstaravania","status":"publish","type":"page","link":"https:\/\/roskovce.sk\/?page_id=73","title":{"rendered":"Verejn\u00e9 obstaravania"},"content":{"rendered":"<p><strong>V \u00dd Z V\u00a0A<br \/>\n<\/strong>na predkladanie pon\u00fak bez pou\u017eitia elektronick\u00e9ho trhoviska pod\u013ea \u00a7 117 z\u00e1kona \u010d. 343\/2015 Z. z. o verejnom obstar\u00e1van\u00ed\u00a0a o zmene a doplnen\u00ed niektor\u00fdch z\u00e1konov (\u010falej len z\u00e1kon) na uskuto\u010dnenie stavebn\u00fdch pr\u00e1c z\u00e1kazky s\u00a0n\u00e1zvom:\u00a0<strong>\u201eKult\u00farno \u0161portov\u00fd are\u00e1l v obci Ro\u0161kovce\u201c<\/strong>.<\/p>\n<ul>\n<li><a href=\"http:\/\/roskovce.sk\/wp-content\/uploads\/2015\/03\/R_V\u00fdzva.pdf\">V\u00fdzva na predkladanie pon\u00fak<\/a><\/li>\n<li><a href=\"http:\/\/roskovce.sk\/wp-content\/uploads\/2015\/03\/R_PD.pdf\">pr\u00edloha \u010d. 1 \u2013 projektov\u00e1 dokument\u00e1cia<\/a><\/li>\n<li><a href=\"http:\/\/roskovce.sk\/wp-content\/uploads\/2015\/03\/R_zadanie.pdf\">pr\u00edloha \u010d. 2 \u2013 zadanie\/v\u00fdkaz v\u00fdmer<\/a><\/li>\n<\/ul>\n<p>&nbsp;<\/p>\n<p>&nbsp;<\/p>\n<hr \/>\n<p><span style=\"color: #ff0000;\"><strong>Predmet z\u00e1kazky:<\/strong> V\u00fdstavba \u0161irokop\u00e1smovej infra\u0161trukt\u00fary v obci Ro\u0161kovce <\/span><\/p>\n<ol>\n<li><a href=\"http:\/\/roskovce.sk\/wp-content\/uploads\/2015\/03\/Kryci-list.pdf\">Doklad o z\u00e1bezpeke<\/a><\/li>\n<li><a href=\"http:\/\/roskovce.sk\/wp-content\/uploads\/2015\/03\/Kryci-list.pdf\">Kryc\u00ed list<\/a><\/li>\n<li><a href=\"http:\/\/roskovce.sk\/wp-content\/uploads\/2015\/03\/Navrh-uchadzaca-na-plnenie-kriterii.pdf\">N\u00e1vrh uch\u00e1dza\u010da na plnenie krit\u00e9ri\u00ed<\/a><\/li>\n<li><a href=\"http:\/\/roskovce.sk\/wp-content\/uploads\/2015\/03\/Navrh-zmluvy-o-dielo.pdf\">N\u00e1vrh zmluvy o dielo<\/a><\/li>\n<li><a href=\"http:\/\/roskovce.sk\/wp-content\/uploads\/2015\/03\/Osoba-zodpovedn\u00e1-za-riadenie-stavebn\u00fdch-pr\u00e1c-stavbyved\u00faci.pdf\">Osoba zodpovedn\u00e1 za riadenie stavebn\u00fdch pr\u00e1c stavbyved\u00faci<\/a><\/li>\n<li><a href=\"http:\/\/roskovce.sk\/wp-content\/uploads\/2015\/03\/Priloha-1.pdf\">Pr\u00edloha 1<\/a><\/li>\n<li><a href=\"http:\/\/roskovce.sk\/wp-content\/uploads\/2015\/03\/Priloha-2.pdf\">Pr\u00edloha 2<\/a><\/li>\n<li><a href=\"http:\/\/roskovce.sk\/wp-content\/uploads\/2015\/03\/Prince2.pdf\">Prince2<\/a><\/li>\n<li><a href=\"http:\/\/roskovce.sk\/wp-content\/uploads\/2015\/03\/sprava-o-zakazke-roskovce.pdf\">Sprava o z\u00e1kazke Ro\u0161kovce<\/a><\/li>\n<li><a href=\"http:\/\/roskovce.sk\/wp-content\/uploads\/2015\/03\/V\u00fdstavba-inform-infrastruktury.pdf\">Testovanie inform. infra\u0161trukt\u00fary<\/a><\/li>\n<li><a href=\"http:\/\/roskovce.sk\/wp-content\/uploads\/2015\/03\/Zmluva-o-dielo.pdf\">V\u00fdstavba inform infra\u0161trukt\u00fary<\/a><\/li>\n<li><a href=\"http:\/\/roskovce.sk\/wp-content\/uploads\/2015\/03\/Zmluva-o-dielo.pdf\">Zmluva o dielo<\/a><\/li>\n<li><a href=\"http:\/\/roskovce.sk\/wp-content\/uploads\/2015\/03\/Category_Cenova_Ponuka_Roskovce.pdf\">Category_Cenov\u00e1_Ponuka_Ro\u0161kovce<\/a><\/li>\n<li><a href=\"http:\/\/roskovce.sk\/wp-content\/uploads\/2015\/03\/CCNA-Certification.pdf\">CCNA Certification<\/a><\/li>\n<li><a href=\"http:\/\/roskovce.sk\/wp-content\/uploads\/2015\/03\/Cestne-prehlasenie-o-pravdivosti-a-uplnosti.pdf\">\u010cestne prehl\u00e1senie o pravdivosti a \u00faplnosti<\/a><\/li>\n<li><a href=\"http:\/\/roskovce.sk\/wp-content\/uploads\/2015\/03\/Cestne-prehlasenie-o-splneni-vseobecnych-podmienok.pdf\">\u010cestne prehl\u00e1senie o splnen\u00ed v\u0161eobecn\u00fdch podmienok<\/a><\/li>\n<li><a href=\"http:\/\/roskovce.sk\/wp-content\/uploads\/2015\/03\/Cestne-prehlasenie-o-suhlase-s-podmienkami.pdf\">Cestne prehl\u00e1senie o s\u00fahlase s podmienkami<\/a><\/li>\n<\/ol>\n","protected":false},"excerpt":{"rendered":"<p>V \u00dd Z V\u00a0A na predkladanie pon\u00fak bez pou\u017eitia elektronick\u00e9ho trhoviska pod\u013ea \u00a7 117 z\u00e1kona \u010d. 343\/2015 Z. z. o verejnom obstar\u00e1van\u00ed\u00a0a o zmene a doplnen\u00ed niektor\u00fdch z\u00e1konov (\u010falej len z\u00e1kon) na uskuto\u010dnenie stavebn\u00fdch pr\u00e1c z\u00e1kazky s\u00a0n\u00e1zvom:\u00a0\u201eKult\u00farno \u0161portov\u00fd are\u00e1l v obci Ro\u0161kovce\u201c. V\u00fdzva na predkladanie pon\u00fak pr\u00edloha \u010d. 1 \u2013 projektov\u00e1 dokument\u00e1cia pr\u00edloha \u010d. 2 \u2013 zadanie\/v\u00fdkaz v\u00fdmer &nbsp; &nbsp; Predmet z\u00e1kazky: V\u00fdstavba \u0161irokop\u00e1smovej infra\u0161trukt\u00fary v obci Ro\u0161kovce Doklad o z\u00e1bezpeke Kryc\u00ed list N\u00e1vrh uch\u00e1dza\u010da na plnenie krit\u00e9ri\u00ed N\u00e1vrh zmluvy&#8230;<\/p>\n<p class=\"read-more\"><a class=\"btn btn-default\" href=\"https:\/\/roskovce.sk\/?page_id=73\"> Read More<span class=\"screen-reader-text\">  Read More<\/span><\/a><\/p>\n","protected":false},"author":1,"featured_media":0,"parent":11,"menu_order":0,"comment_status":"closed","ping_status":"closed","template":"","meta":{"footnotes":""},"class_list":["post-73","page","type-page","status-publish","hentry"],"_links":{"self":[{"href":"https:\/\/roskovce.sk\/index.php?rest_route=\/wp\/v2\/pages\/73","targetHints":{"allow":["GET"]}}],"collection":[{"href":"https:\/\/roskovce.sk\/index.php?rest_route=\/wp\/v2\/pages"}],"about":[{"href":"https:\/\/roskovce.sk\/index.php?rest_route=\/wp\/v2\/types\/page"}],"author":[{"embeddable":true,"href":"https:\/\/roskovce.sk\/index.php?rest_route=\/wp\/v2\/users\/1"}],"replies":[{"embeddable":true,"href":"https:\/\/roskovce.sk\/index.php?rest_route=%2Fwp%2Fv2%2Fcomments&post=73"}],"version-history":[{"count":13,"href":"https:\/\/roskovce.sk\/index.php?rest_route=\/wp\/v2\/pages\/73\/revisions"}],"predecessor-version":[{"id":667,"href":"https:\/\/roskovce.sk\/index.php?rest_route=\/wp\/v2\/pages\/73\/revisions\/667"}],"up":[{"embeddable":true,"href":"https:\/\/roskovce.sk\/index.php?rest_route=\/wp\/v2\/pages\/11"}],"wp:attachment":[{"href":"https:\/\/roskovce.sk\/index.php?rest_route=%2Fwp%2Fv2%2Fmedia&parent=73"}],"curies":[{"name":"wp","href":"https:\/\/api.w.org\/{rel}","templated":true}]}}