{"id":610,"date":"2017-02-06T14:22:46","date_gmt":"2017-02-06T12:22:46","guid":{"rendered":"http:\/\/roskovce.sk\/?page_id=610"},"modified":"2018-05-21T11:32:41","modified_gmt":"2018-05-21T09:32:41","slug":"zmluvy-2017","status":"publish","type":"page","link":"https:\/\/roskovce.sk\/?page_id=610","title":{"rendered":"Zmluvy 2017"},"content":{"rendered":"<p><span style=\"color: #3366ff;\"><a style=\"color: #3366ff;\" href=\"http:\/\/roskovce.sk\/wp-content\/uploads\/2017\/02\/Dohoda-\u00daPSVaR-dobrovo\u013en\u00edcka-\u010dinnos\u0165.pdf\">\u00daPSVaR &#8211; dobrovo\u013en\u00edcka \u010dinnos\u0165<\/a><\/span><\/p>\n<p><span style=\"color: #3366ff;\"><a href=\"http:\/\/roskovce.sk\/wp-content\/uploads\/2017\/02\/Poistn\u00e1-zmluva-Komun\u00e1lna-pois\u0165ov\u0148a.pdf\">Poistn\u00e1 zmluva &#8211; Komun\u00e1lna pois\u0165ov\u0148a<\/a><\/span><\/p>\n<p><span style=\"color: #3366ff;\"><a href=\"http:\/\/roskovce.sk\/wp-content\/uploads\/2017\/02\/Krok-vpred-n.-o.-dodatok-\u010d.1-k-zmluve-o-n\u00e1jme-zo-d\u0148a-22.08.pdf\">Krok vpred, n. o. &#8211; dodatok \u010d.1 k zmluve o n\u00e1jme zo d\u0148a 22.08<\/a>.2016<\/span><\/p>\n<p><span style=\"color: #3366ff;\"><a href=\"http:\/\/roskovce.sk\/wp-content\/uploads\/2017\/02\/Zmluva-o-dielo-MOAD-s-r.o..pdf\"><span style=\"color: #3366ff;\">Zmluva o dielo &#8211; MOAD, s r.o.<\/span><\/a><\/span><\/p>\n<p><span style=\"color: #3366ff;\"><a href=\"http:\/\/roskovce.sk\/wp-content\/uploads\/2017\/02\/Dohoda-\u00daPSVaR-aktiva\u010dn\u00e1-\u010dinnos\u0165.pdf\">Dohoda &#8211; \u00daPSVaR aktiva\u010dn\u00e1 \u010dinnos\u0165<\/a><\/span><\/p>\n<p><span style=\"color: #3366ff;\"><a href=\"http:\/\/roskovce.sk\/wp-content\/uploads\/2017\/02\/\u00daV-SR-Zmluva-o-poskytnt\u00ed-dot\u00e1cie-kult\u00fara-n\u00e1rodnostn\u00fdch-men\u0161.pdf\">\u00daV SR &#8211; Zmluva o poskytnut\u00ed dot\u00e1cie &#8211; kult\u00fara n\u00e1rodnostn\u00fdch men\u0161\u00edn<\/a><\/span><\/p>\n<p><span style=\"color: #3366ff;\"><a href=\"http:\/\/roskovce.sk\/wp-content\/uploads\/2017\/02\/AXA-povinn\u00e9-zmluvn\u00e9-poistenie.pdf\">AXA &#8211; povinn\u00e9 zmluvn\u00e9 poistenie<\/a><\/span><\/p>\n<p><span style=\"color: #3366ff;\"><a href=\"http:\/\/roskovce.sk\/wp-content\/uploads\/2017\/02\/\u00daPSVaR-aktiva\u010dn\u00e1-\u010dinnos\u0165-\u00a752.pdf\">\u00daPSVaR &#8211; aktiva\u010dn\u00e1 \u010dinnos\u0165 &#8211; \u00a752<\/a><\/span><\/p>\n<p><span style=\"color: #3366ff;\"><a href=\"http:\/\/roskovce.sk\/wp-content\/uploads\/2017\/02\/Zmluva-o-poskytovan\u00ed-slu\u017eieb.pdf\">Zmluva o poskytovan\u00ed slu\u017eieb<\/a><\/span><\/p>\n<p><span style=\"color: #3366ff;\"><a href=\"http:\/\/roskovce.sk\/wp-content\/uploads\/2017\/02\/\u00daPSVaR-dobrovo\u013en\u00edcka-\u010dinnos\u0165.pdf\">\u00daPSVaR &#8211; dobrovo\u013en\u00edcka \u010dinnos\u0165<\/a><\/span><\/p>\n<p><span style=\"color: #3366ff;\"><a href=\"http:\/\/roskovce.sk\/wp-content\/uploads\/2017\/02\/Darovacia-zmluva.pdf\">Darovacia zmluva<\/a><\/span><\/p>\n<p><span style=\"color: #3366ff;\"><a href=\"http:\/\/roskovce.sk\/wp-content\/uploads\/2017\/02\/Darovacia-zmluva-o-prenechan\u00ed-pe\u0148a\u017en\u00e9ho-daru.pdf\">Darovacia zmluva o prenechan\u00ed pe\u0148a\u017en\u00e9ho daru<\/a><\/span><\/p>\n<p><span style=\"color: #3366ff;\"><a href=\"http:\/\/roskovce.sk\/wp-content\/uploads\/2017\/02\/Aud\u00edtorsk\u00e1-zmluva.pdf\">Aud\u00edtorsk\u00e1 zmluva<\/a><\/span><\/p>\n<p><a href=\"http:\/\/roskovce.sk\/wp-content\/uploads\/2017\/02\/Zmluva-o-dielo-Rekos.pdf\">Zmluva o dielo &#8211; Rekos<\/a><\/p>\n<p><a href=\"http:\/\/roskovce.sk\/wp-content\/uploads\/2017\/02\/Zmluva-o-dielo-Elmik.pdf\">Zmluva o dielo &#8211; Elmik<\/a><\/p>\n<p><a href=\"http:\/\/roskovce.sk\/wp-content\/uploads\/2017\/02\/Krok-vpred-ukon\u010denie-n\u00e1jomnej-zmluvy.pdf\">Krok vpred &#8211; ukon\u010denie n\u00e1jomnej zmluvy<\/a><\/p>\n<p>&nbsp;<\/p>\n","protected":false},"excerpt":{"rendered":"<p>\u00daPSVaR &#8211; dobrovo\u013en\u00edcka \u010dinnos\u0165 Poistn\u00e1 zmluva &#8211; Komun\u00e1lna pois\u0165ov\u0148a Krok vpred, n. o. &#8211; dodatok \u010d.1 k zmluve o n\u00e1jme zo d\u0148a 22.08.2016 Zmluva o dielo &#8211; MOAD, s r.o. Dohoda &#8211; \u00daPSVaR aktiva\u010dn\u00e1 \u010dinnos\u0165 \u00daV SR &#8211; Zmluva o poskytnut\u00ed dot\u00e1cie &#8211; kult\u00fara n\u00e1rodnostn\u00fdch men\u0161\u00edn AXA &#8211; povinn\u00e9 zmluvn\u00e9 poistenie \u00daPSVaR &#8211; aktiva\u010dn\u00e1 \u010dinnos\u0165 &#8211; \u00a752 Zmluva o poskytovan\u00ed slu\u017eieb \u00daPSVaR &#8211; dobrovo\u013en\u00edcka \u010dinnos\u0165 Darovacia zmluva Darovacia zmluva o prenechan\u00ed pe\u0148a\u017en\u00e9ho daru Aud\u00edtorsk\u00e1 zmluva Zmluva o dielo &#8211; Rekos&#8230;<\/p>\n<p class=\"read-more\"><a class=\"btn btn-default\" href=\"https:\/\/roskovce.sk\/?page_id=610\"> Read More<span class=\"screen-reader-text\">  Read More<\/span><\/a><\/p>\n","protected":false},"author":1,"featured_media":0,"parent":11,"menu_order":0,"comment_status":"closed","ping_status":"closed","template":"","meta":{"footnotes":""},"class_list":["post-610","page","type-page","status-publish","hentry"],"_links":{"self":[{"href":"https:\/\/roskovce.sk\/index.php?rest_route=\/wp\/v2\/pages\/610","targetHints":{"allow":["GET"]}}],"collection":[{"href":"https:\/\/roskovce.sk\/index.php?rest_route=\/wp\/v2\/pages"}],"about":[{"href":"https:\/\/roskovce.sk\/index.php?rest_route=\/wp\/v2\/types\/page"}],"author":[{"embeddable":true,"href":"https:\/\/roskovce.sk\/index.php?rest_route=\/wp\/v2\/users\/1"}],"replies":[{"embeddable":true,"href":"https:\/\/roskovce.sk\/index.php?rest_route=%2Fwp%2Fv2%2Fcomments&post=610"}],"version-history":[{"count":16,"href":"https:\/\/roskovce.sk\/index.php?rest_route=\/wp\/v2\/pages\/610\/revisions"}],"predecessor-version":[{"id":766,"href":"https:\/\/roskovce.sk\/index.php?rest_route=\/wp\/v2\/pages\/610\/revisions\/766"}],"up":[{"embeddable":true,"href":"https:\/\/roskovce.sk\/index.php?rest_route=\/wp\/v2\/pages\/11"}],"wp:attachment":[{"href":"https:\/\/roskovce.sk\/index.php?rest_route=%2Fwp%2Fv2%2Fmedia&parent=610"}],"curies":[{"name":"wp","href":"https:\/\/api.w.org\/{rel}","templated":true}]}}