{"id":277,"date":"2015-09-04T14:26:26","date_gmt":"2015-09-04T12:26:26","guid":{"rendered":"http:\/\/roskovce.sk\/?page_id=277"},"modified":"2017-02-14T11:06:44","modified_gmt":"2017-02-14T09:06:44","slug":"sportovy-den","status":"publish","type":"page","link":"https:\/\/roskovce.sk\/?page_id=277","title":{"rendered":"\u0160portov\u00fd de\u0148 2015"},"content":{"rendered":"<p><a href=\"http:\/\/roskovce.sk\/wp-content\/uploads\/2015\/09\/DSCF3228.jpg\"><img fetchpriority=\"high\" decoding=\"async\" class=\"alignnone size-medium wp-image-286\" src=\"http:\/\/roskovce.sk\/wp-content\/uploads\/2015\/09\/DSCF3228-300x225.jpg\" alt=\"DSCF3228\" width=\"300\" height=\"225\" srcset=\"https:\/\/roskovce.sk\/wp-content\/uploads\/2015\/09\/DSCF3228-300x225.jpg 300w, https:\/\/roskovce.sk\/wp-content\/uploads\/2015\/09\/DSCF3228-1024x768.jpg 1024w\" sizes=\"(max-width: 300px) 100vw, 300px\" \/><\/a>\u00a0<a href=\"http:\/\/roskovce.sk\/wp-content\/uploads\/2015\/09\/DSCF3229.jpg\"><img decoding=\"async\" class=\"alignnone size-medium wp-image-279\" src=\"http:\/\/roskovce.sk\/wp-content\/uploads\/2015\/09\/DSCF3229-300x225.jpg\" alt=\"DSCF3229\" width=\"300\" height=\"225\" srcset=\"https:\/\/roskovce.sk\/wp-content\/uploads\/2015\/09\/DSCF3229-300x225.jpg 300w, https:\/\/roskovce.sk\/wp-content\/uploads\/2015\/09\/DSCF3229-1024x768.jpg 1024w\" sizes=\"(max-width: 300px) 100vw, 300px\" \/><\/a> <a href=\"http:\/\/roskovce.sk\/wp-content\/uploads\/2015\/09\/DSCF3223.jpg\"><img decoding=\"async\" class=\"alignnone size-medium wp-image-280\" src=\"http:\/\/roskovce.sk\/wp-content\/uploads\/2015\/09\/DSCF3223-300x225.jpg\" alt=\"DSCF3223\" width=\"300\" height=\"225\" srcset=\"https:\/\/roskovce.sk\/wp-content\/uploads\/2015\/09\/DSCF3223-300x225.jpg 300w, https:\/\/roskovce.sk\/wp-content\/uploads\/2015\/09\/DSCF3223-1024x768.jpg 1024w\" sizes=\"(max-width: 300px) 100vw, 300px\" \/><\/a> <a href=\"http:\/\/roskovce.sk\/wp-content\/uploads\/2015\/09\/DSCF32331.jpg\"><img loading=\"lazy\" decoding=\"async\" class=\"alignnone size-medium wp-image-281\" src=\"http:\/\/roskovce.sk\/wp-content\/uploads\/2015\/09\/DSCF32331-300x225.jpg\" alt=\"DSCF3233\" width=\"300\" height=\"225\" srcset=\"https:\/\/roskovce.sk\/wp-content\/uploads\/2015\/09\/DSCF32331-300x225.jpg 300w, https:\/\/roskovce.sk\/wp-content\/uploads\/2015\/09\/DSCF32331-1024x768.jpg 1024w\" sizes=\"(max-width: 300px) 100vw, 300px\" \/><\/a> <a href=\"http:\/\/roskovce.sk\/wp-content\/uploads\/2015\/09\/DSCF3234.jpg\"><img loading=\"lazy\" decoding=\"async\" class=\"alignnone size-medium wp-image-282\" src=\"http:\/\/roskovce.sk\/wp-content\/uploads\/2015\/09\/DSCF3234-300x225.jpg\" alt=\"DSCF3234\" width=\"300\" height=\"225\" srcset=\"https:\/\/roskovce.sk\/wp-content\/uploads\/2015\/09\/DSCF3234-300x225.jpg 300w, https:\/\/roskovce.sk\/wp-content\/uploads\/2015\/09\/DSCF3234-1024x768.jpg 1024w\" sizes=\"(max-width: 300px) 100vw, 300px\" \/><\/a><\/p>\n","protected":false},"excerpt":{"rendered":"<p>\u00a0<\/p>\n","protected":false},"author":1,"featured_media":0,"parent":632,"menu_order":0,"comment_status":"closed","ping_status":"closed","template":"","meta":{"footnotes":""},"class_list":["post-277","page","type-page","status-publish","hentry"],"_links":{"self":[{"href":"https:\/\/roskovce.sk\/index.php?rest_route=\/wp\/v2\/pages\/277","targetHints":{"allow":["GET"]}}],"collection":[{"href":"https:\/\/roskovce.sk\/index.php?rest_route=\/wp\/v2\/pages"}],"about":[{"href":"https:\/\/roskovce.sk\/index.php?rest_route=\/wp\/v2\/types\/page"}],"author":[{"embeddable":true,"href":"https:\/\/roskovce.sk\/index.php?rest_route=\/wp\/v2\/users\/1"}],"replies":[{"embeddable":true,"href":"https:\/\/roskovce.sk\/index.php?rest_route=%2Fwp%2Fv2%2Fcomments&post=277"}],"version-history":[{"count":5,"href":"https:\/\/roskovce.sk\/index.php?rest_route=\/wp\/v2\/pages\/277\/revisions"}],"predecessor-version":[{"id":284,"href":"https:\/\/roskovce.sk\/index.php?rest_route=\/wp\/v2\/pages\/277\/revisions\/284"}],"up":[{"embeddable":true,"href":"https:\/\/roskovce.sk\/index.php?rest_route=\/wp\/v2\/pages\/632"}],"wp:attachment":[{"href":"https:\/\/roskovce.sk\/index.php?rest_route=%2Fwp%2Fv2%2Fmedia&parent=277"}],"curies":[{"name":"wp","href":"https:\/\/api.w.org\/{rel}","templated":true}]}}