{"id":2707,"date":"2023-08-24T09:11:23","date_gmt":"2023-08-24T07:11:23","guid":{"rendered":"http:\/\/roskovce.sk\/?page_id=2707"},"modified":"2023-08-24T09:34:20","modified_gmt":"2023-08-24T07:34:20","slug":"madarsko-mariapocs","status":"publish","type":"page","link":"https:\/\/roskovce.sk\/?page_id=2707","title":{"rendered":"Ma\u010farsko M\u00e1riap\u00f3cs 2023"},"content":{"rendered":"\t\t<div data-elementor-type=\"wp-page\" data-elementor-id=\"2707\" class=\"elementor elementor-2707\">\n\t\t\t\t\t\t<section class=\"elementor-section elementor-top-section elementor-element elementor-element-bc699a7 elementor-section-boxed elementor-section-height-default elementor-section-height-default\" data-id=\"bc699a7\" data-element_type=\"section\" data-e-type=\"section\">\n\t\t\t\t\t\t<div class=\"elementor-container elementor-column-gap-default\">\n\t\t\t\t\t<div class=\"elementor-column elementor-col-100 elementor-top-column elementor-element elementor-element-b25c542\" data-id=\"b25c542\" data-element_type=\"column\" data-e-type=\"column\">\n\t\t\t<div class=\"elementor-widget-wrap elementor-element-populated\">\n\t\t\t\t\t\t<div class=\"elementor-element elementor-element-1a16032 elementor-widget elementor-widget-image-gallery\" data-id=\"1a16032\" data-element_type=\"widget\" data-e-type=\"widget\" data-widget_type=\"image-gallery.default\">\n\t\t\t\t<div class=\"elementor-widget-container\">\n\t\t\t\t\t\t\t<div class=\"elementor-image-gallery\">\n\t\t\t<div id='gallery-1' class='gallery galleryid-2707 gallery-columns-3 gallery-size-thumbnail'><figure class='gallery-item'>\n\t\t\t<div class='gallery-icon landscape'>\n\t\t\t\t<a data-elementor-open-lightbox=\"yes\" data-elementor-lightbox-slideshow=\"1a16032\" data-elementor-lightbox-title=\"369609987_1980929178916345_3506396085200313928_n\" data-e-action-hash=\"#elementor-action%3Aaction%3Dlightbox%26settings%3DeyJpZCI6MjcxNywidXJsIjoiaHR0cHM6XC9cL3Jvc2tvdmNlLnNrXC93cC1jb250ZW50XC91cGxvYWRzXC8yMDIzXC8wOFwvMzY5NjA5OTg3XzE5ODA5MjkxNzg5MTYzNDVfMzUwNjM5NjA4NTIwMDMxMzkyOF9uLmpwZyIsInNsaWRlc2hvdyI6IjFhMTYwMzIifQ%3D%3D\" href='https:\/\/roskovce.sk\/wp-content\/uploads\/2023\/08\/369609987_1980929178916345_3506396085200313928_n.jpg'><img decoding=\"async\" width=\"150\" height=\"150\" src=\"https:\/\/roskovce.sk\/wp-content\/uploads\/2023\/08\/369609987_1980929178916345_3506396085200313928_n-150x150.jpg\" class=\"attachment-thumbnail size-thumbnail\" alt=\"\" \/><\/a>\n\t\t\t<\/div><\/figure><figure class='gallery-item'>\n\t\t\t<div class='gallery-icon landscape'>\n\t\t\t\t<a data-elementor-open-lightbox=\"yes\" data-elementor-lightbox-slideshow=\"1a16032\" data-elementor-lightbox-title=\"369618644_1980929272249669_2752398109751747680_n\" data-e-action-hash=\"#elementor-action%3Aaction%3Dlightbox%26settings%3DeyJpZCI6MjcxOSwidXJsIjoiaHR0cHM6XC9cL3Jvc2tvdmNlLnNrXC93cC1jb250ZW50XC91cGxvYWRzXC8yMDIzXC8wOFwvMzY5NjE4NjQ0XzE5ODA5MjkyNzIyNDk2NjlfMjc1MjM5ODEwOTc1MTc0NzY4MF9uLmpwZyIsInNsaWRlc2hvdyI6IjFhMTYwMzIifQ%3D%3D\" href='https:\/\/roskovce.sk\/wp-content\/uploads\/2023\/08\/369618644_1980929272249669_2752398109751747680_n.jpg'><img decoding=\"async\" width=\"150\" height=\"150\" src=\"https:\/\/roskovce.sk\/wp-content\/uploads\/2023\/08\/369618644_1980929272249669_2752398109751747680_n-150x150.jpg\" class=\"attachment-thumbnail size-thumbnail\" alt=\"\" \/><\/a>\n\t\t\t<\/div><\/figure><figure class='gallery-item'>\n\t\t\t<div class='gallery-icon portrait'>\n\t\t\t\t<a data-elementor-open-lightbox=\"yes\" data-elementor-lightbox-slideshow=\"1a16032\" data-elementor-lightbox-title=\"369610827_1980929215583008_1093568405082449399_n\" data-e-action-hash=\"#elementor-action%3Aaction%3Dlightbox%26settings%3DeyJpZCI6MjcxOCwidXJsIjoiaHR0cHM6XC9cL3Jvc2tvdmNlLnNrXC93cC1jb250ZW50XC91cGxvYWRzXC8yMDIzXC8wOFwvMzY5NjEwODI3XzE5ODA5MjkyMTU1ODMwMDhfMTA5MzU2ODQwNTA4MjQ0OTM5OV9uLmpwZyIsInNsaWRlc2hvdyI6IjFhMTYwMzIifQ%3D%3D\" href='https:\/\/roskovce.sk\/wp-content\/uploads\/2023\/08\/369610827_1980929215583008_1093568405082449399_n.jpg'><img decoding=\"async\" width=\"150\" height=\"150\" src=\"https:\/\/roskovce.sk\/wp-content\/uploads\/2023\/08\/369610827_1980929215583008_1093568405082449399_n-150x150.jpg\" class=\"attachment-thumbnail size-thumbnail\" alt=\"\" \/><\/a>\n\t\t\t<\/div><\/figure><figure class='gallery-item'>\n\t\t\t<div class='gallery-icon portrait'>\n\t\t\t\t<a data-elementor-open-lightbox=\"yes\" data-elementor-lightbox-slideshow=\"1a16032\" data-elementor-lightbox-title=\"369691513_1980929048916358_9082582046236262137_n\" data-e-action-hash=\"#elementor-action%3Aaction%3Dlightbox%26settings%3DeyJpZCI6MjcyMiwidXJsIjoiaHR0cHM6XC9cL3Jvc2tvdmNlLnNrXC93cC1jb250ZW50XC91cGxvYWRzXC8yMDIzXC8wOFwvMzY5NjkxNTEzXzE5ODA5MjkwNDg5MTYzNThfOTA4MjU4MjA0NjIzNjI2MjEzN19uLmpwZyIsInNsaWRlc2hvdyI6IjFhMTYwMzIifQ%3D%3D\" href='https:\/\/roskovce.sk\/wp-content\/uploads\/2023\/08\/369691513_1980929048916358_9082582046236262137_n.jpg'><img loading=\"lazy\" decoding=\"async\" width=\"150\" height=\"150\" src=\"https:\/\/roskovce.sk\/wp-content\/uploads\/2023\/08\/369691513_1980929048916358_9082582046236262137_n-150x150.jpg\" class=\"attachment-thumbnail size-thumbnail\" alt=\"\" \/><\/a>\n\t\t\t<\/div><\/figure><figure class='gallery-item'>\n\t\t\t<div class='gallery-icon portrait'>\n\t\t\t\t<a data-elementor-open-lightbox=\"yes\" data-elementor-lightbox-slideshow=\"1a16032\" data-elementor-lightbox-title=\"369596208_1980929185583011_7342318403227236743_n\" data-e-action-hash=\"#elementor-action%3Aaction%3Dlightbox%26settings%3DeyJpZCI6MjcxMywidXJsIjoiaHR0cHM6XC9cL3Jvc2tvdmNlLnNrXC93cC1jb250ZW50XC91cGxvYWRzXC8yMDIzXC8wOFwvMzY5NTk2MjA4XzE5ODA5MjkxODU1ODMwMTFfNzM0MjMxODQwMzIyNzIzNjc0M19uLmpwZyIsInNsaWRlc2hvdyI6IjFhMTYwMzIifQ%3D%3D\" href='https:\/\/roskovce.sk\/wp-content\/uploads\/2023\/08\/369596208_1980929185583011_7342318403227236743_n.jpg'><img loading=\"lazy\" decoding=\"async\" width=\"150\" height=\"150\" src=\"https:\/\/roskovce.sk\/wp-content\/uploads\/2023\/08\/369596208_1980929185583011_7342318403227236743_n-150x150.jpg\" class=\"attachment-thumbnail size-thumbnail\" alt=\"\" \/><\/a>\n\t\t\t<\/div><\/figure><figure class='gallery-item'>\n\t\t\t<div class='gallery-icon portrait'>\n\t\t\t\t<a data-elementor-open-lightbox=\"yes\" data-elementor-lightbox-slideshow=\"1a16032\" data-elementor-lightbox-title=\"369701640_1980929072249689_4896542867152562378_n\" data-e-action-hash=\"#elementor-action%3Aaction%3Dlightbox%26settings%3DeyJpZCI6MjcyMywidXJsIjoiaHR0cHM6XC9cL3Jvc2tvdmNlLnNrXC93cC1jb250ZW50XC91cGxvYWRzXC8yMDIzXC8wOFwvMzY5NzAxNjQwXzE5ODA5MjkwNzIyNDk2ODlfNDg5NjU0Mjg2NzE1MjU2MjM3OF9uLmpwZyIsInNsaWRlc2hvdyI6IjFhMTYwMzIifQ%3D%3D\" href='https:\/\/roskovce.sk\/wp-content\/uploads\/2023\/08\/369701640_1980929072249689_4896542867152562378_n.jpg'><img loading=\"lazy\" decoding=\"async\" width=\"150\" height=\"150\" src=\"https:\/\/roskovce.sk\/wp-content\/uploads\/2023\/08\/369701640_1980929072249689_4896542867152562378_n-150x150.jpg\" class=\"attachment-thumbnail size-thumbnail\" alt=\"\" \/><\/a>\n\t\t\t<\/div><\/figure><figure class='gallery-item'>\n\t\t\t<div class='gallery-icon portrait'>\n\t\t\t\t<a data-elementor-open-lightbox=\"yes\" data-elementor-lightbox-slideshow=\"1a16032\" data-elementor-lightbox-title=\"369600844_1980929088916354_2796862944959054206_n\" data-e-action-hash=\"#elementor-action%3Aaction%3Dlightbox%26settings%3DeyJpZCI6MjcxNSwidXJsIjoiaHR0cHM6XC9cL3Jvc2tvdmNlLnNrXC93cC1jb250ZW50XC91cGxvYWRzXC8yMDIzXC8wOFwvMzY5NjAwODQ0XzE5ODA5MjkwODg5MTYzNTRfMjc5Njg2Mjk0NDk1OTA1NDIwNl9uLmpwZyIsInNsaWRlc2hvdyI6IjFhMTYwMzIifQ%3D%3D\" href='https:\/\/roskovce.sk\/wp-content\/uploads\/2023\/08\/369600844_1980929088916354_2796862944959054206_n.jpg'><img loading=\"lazy\" decoding=\"async\" width=\"150\" height=\"150\" src=\"https:\/\/roskovce.sk\/wp-content\/uploads\/2023\/08\/369600844_1980929088916354_2796862944959054206_n-150x150.jpg\" class=\"attachment-thumbnail size-thumbnail\" alt=\"\" \/><\/a>\n\t\t\t<\/div><\/figure><figure class='gallery-item'>\n\t\t\t<div class='gallery-icon portrait'>\n\t\t\t\t<a data-elementor-open-lightbox=\"yes\" data-elementor-lightbox-slideshow=\"1a16032\" data-elementor-lightbox-title=\"369645040_1980929112249685_6164467816595862311_n\" data-e-action-hash=\"#elementor-action%3Aaction%3Dlightbox%26settings%3DeyJpZCI6MjcyMCwidXJsIjoiaHR0cHM6XC9cL3Jvc2tvdmNlLnNrXC93cC1jb250ZW50XC91cGxvYWRzXC8yMDIzXC8wOFwvMzY5NjQ1MDQwXzE5ODA5MjkxMTIyNDk2ODVfNjE2NDQ2NzgxNjU5NTg2MjMxMV9uLmpwZyIsInNsaWRlc2hvdyI6IjFhMTYwMzIifQ%3D%3D\" href='https:\/\/roskovce.sk\/wp-content\/uploads\/2023\/08\/369645040_1980929112249685_6164467816595862311_n.jpg'><img loading=\"lazy\" decoding=\"async\" width=\"150\" height=\"150\" src=\"https:\/\/roskovce.sk\/wp-content\/uploads\/2023\/08\/369645040_1980929112249685_6164467816595862311_n-150x150.jpg\" class=\"attachment-thumbnail size-thumbnail\" alt=\"\" \/><\/a>\n\t\t\t<\/div><\/figure><figure class='gallery-item'>\n\t\t\t<div class='gallery-icon portrait'>\n\t\t\t\t<a data-elementor-open-lightbox=\"yes\" data-elementor-lightbox-slideshow=\"1a16032\" data-elementor-lightbox-title=\"369599917_1980929255583004_3043193714429453146_n\" data-e-action-hash=\"#elementor-action%3Aaction%3Dlightbox%26settings%3DeyJpZCI6MjcxNCwidXJsIjoiaHR0cHM6XC9cL3Jvc2tvdmNlLnNrXC93cC1jb250ZW50XC91cGxvYWRzXC8yMDIzXC8wOFwvMzY5NTk5OTE3XzE5ODA5MjkyNTU1ODMwMDRfMzA0MzE5MzcxNDQyOTQ1MzE0Nl9uLmpwZyIsInNsaWRlc2hvdyI6IjFhMTYwMzIifQ%3D%3D\" href='https:\/\/roskovce.sk\/wp-content\/uploads\/2023\/08\/369599917_1980929255583004_3043193714429453146_n.jpg'><img loading=\"lazy\" decoding=\"async\" width=\"150\" height=\"150\" src=\"https:\/\/roskovce.sk\/wp-content\/uploads\/2023\/08\/369599917_1980929255583004_3043193714429453146_n-150x150.jpg\" class=\"attachment-thumbnail size-thumbnail\" alt=\"\" \/><\/a>\n\t\t\t<\/div><\/figure><figure class='gallery-item'>\n\t\t\t<div class='gallery-icon landscape'>\n\t\t\t\t<a data-elementor-open-lightbox=\"yes\" data-elementor-lightbox-slideshow=\"1a16032\" data-elementor-lightbox-title=\"369671891_1980929105583019_2998140867877451764_n\" data-e-action-hash=\"#elementor-action%3Aaction%3Dlightbox%26settings%3DeyJpZCI6MjcyMSwidXJsIjoiaHR0cHM6XC9cL3Jvc2tvdmNlLnNrXC93cC1jb250ZW50XC91cGxvYWRzXC8yMDIzXC8wOFwvMzY5NjcxODkxXzE5ODA5MjkxMDU1ODMwMTlfMjk5ODE0MDg2Nzg3NzQ1MTc2NF9uLmpwZyIsInNsaWRlc2hvdyI6IjFhMTYwMzIifQ%3D%3D\" href='https:\/\/roskovce.sk\/wp-content\/uploads\/2023\/08\/369671891_1980929105583019_2998140867877451764_n.jpg'><img loading=\"lazy\" decoding=\"async\" width=\"150\" height=\"150\" src=\"https:\/\/roskovce.sk\/wp-content\/uploads\/2023\/08\/369671891_1980929105583019_2998140867877451764_n-150x150.jpg\" class=\"attachment-thumbnail size-thumbnail\" alt=\"\" \/><\/a>\n\t\t\t<\/div><\/figure>\n\t\t<\/div>\n\t\t<\/div>\n\t\t\t\t\t\t<\/div>\n\t\t\t\t<\/div>\n\t\t\t\t\t<\/div>\n\t\t<\/div>\n\t\t\t\t\t<\/div>\n\t\t<\/section>\n\t\t\t\t<section class=\"elementor-section elementor-top-section elementor-element elementor-element-89ba10a elementor-section-boxed elementor-section-height-default elementor-section-height-default\" data-id=\"89ba10a\" data-element_type=\"section\" data-e-type=\"section\">\n\t\t\t\t\t\t<div class=\"elementor-container elementor-column-gap-default\">\n\t\t\t\t\t<div class=\"elementor-column elementor-col-100 elementor-top-column elementor-element elementor-element-e985b8c\" data-id=\"e985b8c\" data-element_type=\"column\" data-e-type=\"column\">\n\t\t\t<div class=\"elementor-widget-wrap elementor-element-populated\">\n\t\t\t\t\t\t<div class=\"elementor-element elementor-element-e82c746 elementor-widget elementor-widget-video\" data-id=\"e82c746\" data-element_type=\"widget\" data-e-type=\"widget\" data-settings=\"{&quot;video_type&quot;:&quot;hosted&quot;,&quot;controls&quot;:&quot;yes&quot;}\" data-widget_type=\"video.default\">\n\t\t\t\t<div class=\"elementor-widget-container\">\n\t\t\t\t\t\t\t<div class=\"e-hosted-video elementor-wrapper elementor-open-inline\">\n\t\t\t\t\t<video class=\"elementor-video\" src=\"http:\/\/roskovce.sk\/wp-content\/uploads\/2023\/08\/10000000_23910372231894682_7883423642724294465_n.mp4\" controls=\"\" preload=\"metadata\" controlsList=\"nodownload\"><\/video>\n\t\t\t\t<\/div>\n\t\t\t\t\t\t<\/div>\n\t\t\t\t<\/div>\n\t\t\t\t\t<\/div>\n\t\t<\/div>\n\t\t\t\t\t<\/div>\n\t\t<\/section>\n\t\t\t\t<\/div>\n\t\t","protected":false},"excerpt":{"rendered":"<p>http:\/\/roskovce.sk\/wp-content\/uploads\/2023\/08\/10000000_23910372231894682_7883423642724294465_n.mp4<\/p>\n","protected":false},"author":1,"featured_media":0,"parent":0,"menu_order":0,"comment_status":"closed","ping_status":"closed","template":"","meta":{"footnotes":""},"class_list":["post-2707","page","type-page","status-publish","hentry"],"_links":{"self":[{"href":"https:\/\/roskovce.sk\/index.php?rest_route=\/wp\/v2\/pages\/2707","targetHints":{"allow":["GET"]}}],"collection":[{"href":"https:\/\/roskovce.sk\/index.php?rest_route=\/wp\/v2\/pages"}],"about":[{"href":"https:\/\/roskovce.sk\/index.php?rest_route=\/wp\/v2\/types\/page"}],"author":[{"embeddable":true,"href":"https:\/\/roskovce.sk\/index.php?rest_route=\/wp\/v2\/users\/1"}],"replies":[{"embeddable":true,"href":"https:\/\/roskovce.sk\/index.php?rest_route=%2Fwp%2Fv2%2Fcomments&post=2707"}],"version-history":[{"count":17,"href":"https:\/\/roskovce.sk\/index.php?rest_route=\/wp\/v2\/pages\/2707\/revisions"}],"predecessor-version":[{"id":2738,"href":"https:\/\/roskovce.sk\/index.php?rest_route=\/wp\/v2\/pages\/2707\/revisions\/2738"}],"wp:attachment":[{"href":"https:\/\/roskovce.sk\/index.php?rest_route=%2Fwp%2Fv2%2Fmedia&parent=2707"}],"curies":[{"name":"wp","href":"https:\/\/api.w.org\/{rel}","templated":true}]}}