{"id":264,"date":"2015-07-23T09:47:11","date_gmt":"2015-07-23T07:47:11","guid":{"rendered":"http:\/\/roskovce.sk\/?page_id=264"},"modified":"2017-02-14T11:06:28","modified_gmt":"2017-02-14T09:06:28","slug":"iii-rocnik-oslav-kultury-rusinov","status":"publish","type":"page","link":"https:\/\/roskovce.sk\/?page_id=264","title":{"rendered":"III. ro\u010dn\u00edk osl\u00e1v kult\u00fary Rus\u00ednov"},"content":{"rendered":"<p><a href=\"http:\/\/roskovce.sk\/wp-content\/uploads\/2015\/07\/DSCF3032.jpg\"><img fetchpriority=\"high\" decoding=\"async\" class=\"alignnone size-medium wp-image-265\" src=\"http:\/\/roskovce.sk\/wp-content\/uploads\/2015\/07\/DSCF3032-300x225.jpg\" alt=\"DSCF3032\" width=\"300\" height=\"225\" srcset=\"https:\/\/roskovce.sk\/wp-content\/uploads\/2015\/07\/DSCF3032-300x225.jpg 300w, https:\/\/roskovce.sk\/wp-content\/uploads\/2015\/07\/DSCF3032-1024x768.jpg 1024w\" sizes=\"(max-width: 300px) 100vw, 300px\" \/><\/a> <a href=\"http:\/\/roskovce.sk\/wp-content\/uploads\/2015\/07\/DSCF3035.jpg\"><img decoding=\"async\" class=\"alignnone size-medium wp-image-266\" src=\"http:\/\/roskovce.sk\/wp-content\/uploads\/2015\/07\/DSCF3035-300x225.jpg\" alt=\"DSCF3035\" width=\"300\" height=\"225\" srcset=\"https:\/\/roskovce.sk\/wp-content\/uploads\/2015\/07\/DSCF3035-300x225.jpg 300w, https:\/\/roskovce.sk\/wp-content\/uploads\/2015\/07\/DSCF3035-1024x768.jpg 1024w\" sizes=\"(max-width: 300px) 100vw, 300px\" \/><\/a> <a href=\"http:\/\/roskovce.sk\/wp-content\/uploads\/2015\/07\/DSCF3047.jpg\"><img decoding=\"async\" class=\"alignnone size-medium wp-image-267\" src=\"http:\/\/roskovce.sk\/wp-content\/uploads\/2015\/07\/DSCF3047-300x225.jpg\" alt=\"DSCF3047\" width=\"300\" height=\"225\" srcset=\"https:\/\/roskovce.sk\/wp-content\/uploads\/2015\/07\/DSCF3047-300x225.jpg 300w, https:\/\/roskovce.sk\/wp-content\/uploads\/2015\/07\/DSCF3047-1024x768.jpg 1024w\" sizes=\"(max-width: 300px) 100vw, 300px\" \/><\/a> <a href=\"http:\/\/roskovce.sk\/wp-content\/uploads\/2015\/07\/DSCF3052.jpg\"><img loading=\"lazy\" decoding=\"async\" class=\"alignnone size-medium wp-image-268\" src=\"http:\/\/roskovce.sk\/wp-content\/uploads\/2015\/07\/DSCF3052-300x225.jpg\" alt=\"DSCF3052\" width=\"300\" height=\"225\" srcset=\"https:\/\/roskovce.sk\/wp-content\/uploads\/2015\/07\/DSCF3052-300x225.jpg 300w, https:\/\/roskovce.sk\/wp-content\/uploads\/2015\/07\/DSCF3052-1024x768.jpg 1024w\" sizes=\"(max-width: 300px) 100vw, 300px\" \/><\/a> <a href=\"http:\/\/roskovce.sk\/wp-content\/uploads\/2015\/07\/DSCF3055.jpg\"><img loading=\"lazy\" decoding=\"async\" class=\"alignnone size-medium wp-image-269\" src=\"http:\/\/roskovce.sk\/wp-content\/uploads\/2015\/07\/DSCF3055-300x225.jpg\" alt=\"DSCF3055\" width=\"300\" height=\"225\" srcset=\"https:\/\/roskovce.sk\/wp-content\/uploads\/2015\/07\/DSCF3055-300x225.jpg 300w, https:\/\/roskovce.sk\/wp-content\/uploads\/2015\/07\/DSCF3055-1024x768.jpg 1024w\" sizes=\"(max-width: 300px) 100vw, 300px\" \/><\/a> <a href=\"http:\/\/roskovce.sk\/wp-content\/uploads\/2015\/07\/DSCF3060.jpg\"><img loading=\"lazy\" decoding=\"async\" class=\"alignnone size-medium wp-image-270\" src=\"http:\/\/roskovce.sk\/wp-content\/uploads\/2015\/07\/DSCF3060-300x225.jpg\" alt=\"DSCF3060\" width=\"300\" height=\"225\" srcset=\"https:\/\/roskovce.sk\/wp-content\/uploads\/2015\/07\/DSCF3060-300x225.jpg 300w, https:\/\/roskovce.sk\/wp-content\/uploads\/2015\/07\/DSCF3060-1024x768.jpg 1024w\" sizes=\"(max-width: 300px) 100vw, 300px\" \/><\/a>\u00a0<a href=\"http:\/\/roskovce.sk\/wp-content\/uploads\/2015\/07\/DSCF3068.jpg\"><img loading=\"lazy\" decoding=\"async\" class=\"alignnone size-medium wp-image-274\" src=\"http:\/\/roskovce.sk\/wp-content\/uploads\/2015\/07\/DSCF3068-300x225.jpg\" alt=\"DSCF3068\" width=\"300\" height=\"225\" srcset=\"https:\/\/roskovce.sk\/wp-content\/uploads\/2015\/07\/DSCF3068-300x225.jpg 300w, https:\/\/roskovce.sk\/wp-content\/uploads\/2015\/07\/DSCF3068-1024x768.jpg 1024w\" sizes=\"(max-width: 300px) 100vw, 300px\" \/><\/a><\/p>\n","protected":false},"excerpt":{"rendered":"<p>\u00a0<\/p>\n","protected":false},"author":1,"featured_media":0,"parent":632,"menu_order":0,"comment_status":"closed","ping_status":"closed","template":"","meta":{"footnotes":""},"class_list":["post-264","page","type-page","status-publish","hentry"],"_links":{"self":[{"href":"https:\/\/roskovce.sk\/index.php?rest_route=\/wp\/v2\/pages\/264","targetHints":{"allow":["GET"]}}],"collection":[{"href":"https:\/\/roskovce.sk\/index.php?rest_route=\/wp\/v2\/pages"}],"about":[{"href":"https:\/\/roskovce.sk\/index.php?rest_route=\/wp\/v2\/types\/page"}],"author":[{"embeddable":true,"href":"https:\/\/roskovce.sk\/index.php?rest_route=\/wp\/v2\/users\/1"}],"replies":[{"embeddable":true,"href":"https:\/\/roskovce.sk\/index.php?rest_route=%2Fwp%2Fv2%2Fcomments&post=264"}],"version-history":[{"count":3,"href":"https:\/\/roskovce.sk\/index.php?rest_route=\/wp\/v2\/pages\/264\/revisions"}],"predecessor-version":[{"id":275,"href":"https:\/\/roskovce.sk\/index.php?rest_route=\/wp\/v2\/pages\/264\/revisions\/275"}],"up":[{"embeddable":true,"href":"https:\/\/roskovce.sk\/index.php?rest_route=\/wp\/v2\/pages\/632"}],"wp:attachment":[{"href":"https:\/\/roskovce.sk\/index.php?rest_route=%2Fwp%2Fv2%2Fmedia&parent=264"}],"curies":[{"name":"wp","href":"https:\/\/api.w.org\/{rel}","templated":true}]}}