{"id":2482,"date":"2023-06-22T22:06:07","date_gmt":"2023-06-22T20:06:07","guid":{"rendered":"http:\/\/roskovce.sk\/?page_id=2482"},"modified":"2023-10-06T09:05:45","modified_gmt":"2023-10-06T07:05:45","slug":"volby-do-nr-sr-2023","status":"publish","type":"page","link":"https:\/\/roskovce.sk\/?page_id=2482","title":{"rendered":"Vo\u013eby do NR SR 2023"},"content":{"rendered":"\t\t<div data-elementor-type=\"wp-page\" data-elementor-id=\"2482\" class=\"elementor elementor-2482\">\n\t\t\t\t\t\t<section class=\"elementor-section elementor-top-section elementor-element elementor-element-0153253 elementor-section-boxed elementor-section-height-default elementor-section-height-default\" data-id=\"0153253\" data-element_type=\"section\" data-e-type=\"section\">\n\t\t\t\t\t\t<div class=\"elementor-container elementor-column-gap-default\">\n\t\t\t\t\t<div class=\"elementor-column elementor-col-100 elementor-top-column elementor-element elementor-element-6594cec\" data-id=\"6594cec\" data-element_type=\"column\" data-e-type=\"column\">\n\t\t\t<div class=\"elementor-widget-wrap elementor-element-populated\">\n\t\t\t\t\t\t<div class=\"elementor-element elementor-element-9905187 elementor-widget elementor-widget-text-editor\" data-id=\"9905187\" data-element_type=\"widget\" data-e-type=\"widget\" data-widget_type=\"text-editor.default\">\n\t\t\t\t<div class=\"elementor-widget-container\">\n\t\t\t\t\t\t\t\t\t<p><a href=\"http:\/\/roskovce.sk\/wp-content\/uploads\/2023\/10\/zapisnica-volby.pdf\">Okrskov\u00e1 z\u00e1pisnica pre vo\u013eby do NRSR<\/a>\u00a0<\/p><p><a href=\"http:\/\/roskovce.sk\/wp-content\/uploads\/2023\/08\/menovanie-zapisovatela-NRSR.pdf\">Menovanie zapisovate\u013ea<\/a><\/p><p><a href=\"http:\/\/roskovce.sk\/wp-content\/uploads\/2023\/07\/Oznamenie-o-zverejneni-adresy-na-dorucovanie.pdf\">Ozn\u00e1menie o zverejnen\u00ed adresy na doru\u010dovanie<\/a><\/p><p><a href=\"http:\/\/roskovce.sk\/wp-content\/uploads\/2023\/06\/vyhlasenie-volieb-do-NR-Slovenskej-republiky.pdf\">Vyhl\u00e1senie volieb do NR Slovenskej republiky<\/a><\/p><p><a href=\"http:\/\/roskovce.sk\/wp-content\/uploads\/2023\/06\/informacia-o-podmienkach-prava-volit-a-prava-byt-voleny-v-rusinskom-jazyku.pdf\">Inform\u00e1cia o podmienkach pr\u00e1va voli\u0165 a pr\u00e1va by\u0165 volen\u00fd &#8211; v rus\u00ednskom jazyku<\/a><\/p><p><a href=\"http:\/\/roskovce.sk\/wp-content\/uploads\/2023\/06\/informacia-o-podmienkach-prava-volit-a-prava-byt-voleny-v-ukrajinskom-jazyku.pdf\">Inform\u00e1cia o podmienkach pr\u00e1va voli\u0165 a pr\u00e1va by\u0165 volen\u00fd &#8211; v slovenskom jazyku<\/a><\/p>\t\t\t\t\t\t\t\t<\/div>\n\t\t\t\t<\/div>\n\t\t\t\t\t<\/div>\n\t\t<\/div>\n\t\t\t\t\t<\/div>\n\t\t<\/section>\n\t\t\t\t<\/div>\n\t\t","protected":false},"excerpt":{"rendered":"<p>Okrskov\u00e1 z\u00e1pisnica pre vo\u013eby do NRSR\u00a0 Menovanie zapisovate\u013ea Ozn\u00e1menie o zverejnen\u00ed adresy na doru\u010dovanie Vyhl\u00e1senie volieb do NR Slovenskej republiky Inform\u00e1cia o podmienkach pr\u00e1va voli\u0165 a pr\u00e1va by\u0165 volen\u00fd &#8211; v rus\u00ednskom jazyku Inform\u00e1cia o podmienkach pr\u00e1va voli\u0165 a pr\u00e1va by\u0165 volen\u00fd &#8211; v slovenskom jazyku<\/p>\n","protected":false},"author":1,"featured_media":0,"parent":0,"menu_order":0,"comment_status":"closed","ping_status":"closed","template":"","meta":{"footnotes":""},"class_list":["post-2482","page","type-page","status-publish","hentry"],"_links":{"self":[{"href":"https:\/\/roskovce.sk\/index.php?rest_route=\/wp\/v2\/pages\/2482","targetHints":{"allow":["GET"]}}],"collection":[{"href":"https:\/\/roskovce.sk\/index.php?rest_route=\/wp\/v2\/pages"}],"about":[{"href":"https:\/\/roskovce.sk\/index.php?rest_route=\/wp\/v2\/types\/page"}],"author":[{"embeddable":true,"href":"https:\/\/roskovce.sk\/index.php?rest_route=\/wp\/v2\/users\/1"}],"replies":[{"embeddable":true,"href":"https:\/\/roskovce.sk\/index.php?rest_route=%2Fwp%2Fv2%2Fcomments&post=2482"}],"version-history":[{"count":25,"href":"https:\/\/roskovce.sk\/index.php?rest_route=\/wp\/v2\/pages\/2482\/revisions"}],"predecessor-version":[{"id":2780,"href":"https:\/\/roskovce.sk\/index.php?rest_route=\/wp\/v2\/pages\/2482\/revisions\/2780"}],"wp:attachment":[{"href":"https:\/\/roskovce.sk\/index.php?rest_route=%2Fwp%2Fv2%2Fmedia&parent=2482"}],"curies":[{"name":"wp","href":"https:\/\/api.w.org\/{rel}","templated":true}]}}