{"id":2112,"date":"2022-12-13T22:15:02","date_gmt":"2022-12-13T20:15:02","guid":{"rendered":"http:\/\/roskovce.sk\/?page_id=2112"},"modified":"2022-12-18T19:59:13","modified_gmt":"2022-12-18T17:59:13","slug":"komunalne-volby-2022","status":"publish","type":"page","link":"https:\/\/roskovce.sk\/?page_id=2112","title":{"rendered":"Komun\u00e1lne vo\u013eby 2022"},"content":{"rendered":"\t\t<div data-elementor-type=\"wp-page\" data-elementor-id=\"2112\" class=\"elementor elementor-2112\">\n\t\t\t\t\t\t<section class=\"elementor-section elementor-top-section elementor-element elementor-element-72e8980a elementor-section-boxed elementor-section-height-default elementor-section-height-default\" data-id=\"72e8980a\" data-element_type=\"section\" data-e-type=\"section\">\n\t\t\t\t\t\t<div class=\"elementor-container elementor-column-gap-default\">\n\t\t\t\t\t<div class=\"elementor-column elementor-col-100 elementor-top-column elementor-element elementor-element-23aa8780\" data-id=\"23aa8780\" data-element_type=\"column\" data-e-type=\"column\">\n\t\t\t<div class=\"elementor-widget-wrap elementor-element-populated\">\n\t\t\t\t\t\t<div class=\"elementor-element elementor-element-43be1f6a elementor-widget elementor-widget-text-editor\" data-id=\"43be1f6a\" data-element_type=\"widget\" data-e-type=\"widget\" data-widget_type=\"text-editor.default\">\n\t\t\t\t<div class=\"elementor-widget-container\">\n\t\t\t\t\t\t\t\t\t<h5><\/h5>\n<p><a href=\"http:\/\/roskovce.sk\/wp-content\/uploads\/2022\/12\/2022-08-05-080100-Vo__by_22.pdf\">Inform\u00e1cia o podmienkach pr\u00e1va voli\u0165 a by\u0165 volen\u00fd<\/a><br \/><br \/><a id=\"wp-block-file--media-9733b2b1-ff1b-4f80-8605-1dc249d526b9\" href=\"http:\/\/roskovce.sk\/wp-content\/uploads\/2022\/10\/2022-09-30-090255-5_zoznam-zaregistrovanych-kandidatov-volby-do-zastupitelstva.pdf\">Zoznam zaregistrovan\u00fdch kandid\u00e1tov Vo\u013eby do zastupite\u013estva<\/a><br \/><br \/><a id=\"wp-block-file--media-15dd51c8-cd9e-4a97-ad26-164934ab193d\" href=\"http:\/\/roskovce.sk\/wp-content\/uploads\/2022\/10\/Zoznam-zaregistrovanych-kandidatov-volby-predsedu-PSK.pdf\">Zoznam zaregistrovan\u00fdch kandid\u00e1tov Vo\u013eby predsedu PSK<\/a><br \/><br \/><a id=\"wp-block-file--media-27c83ba0-4839-4373-a1d6-1f2eae220e73\" href=\"http:\/\/roskovce.sk\/wp-content\/uploads\/2022\/10\/Specialny-sposob-hlasovania.pdf\">\u0160peci\u00e1lny sp\u00f4sob hlasovania<\/a><br \/><br \/><a id=\"wp-block-file--media-d76d4569-f48f-4b2c-a29f-08b04254e848\" href=\"http:\/\/roskovce.sk\/wp-content\/uploads\/2022\/09\/Zoznam-zaregistrovanych-kandidatov-starosta.pdf\">Zoznam zaregistrovan\u00fdch kandid\u00e1tov &#8211; starosta<\/a><br \/><br \/><a id=\"wp-block-file--media-1f7ae93b-df5b-4edc-bc5c-d70ee4841ea6\" href=\"http:\/\/roskovce.sk\/wp-content\/uploads\/2022\/09\/Zoznam-zaregistrovanych-kandidatov-OZ.pdf\">Zoznam zaregistrovan\u00fdch kandid\u00e1tov OZ<\/a><br \/><br \/><a id=\"wp-block-file--media-deb889c0-d2e1-4795-9e7a-27508b1e80fd\" href=\"http:\/\/roskovce.sk\/wp-content\/uploads\/2022\/07\/Menovnie-zapisovatela.pdf\">Menovanie zapisovate\u013ea<\/a><br \/><br \/><a id=\"wp-block-file--media-ec64c5b8-3f60-41de-9338-d154b2a8e19b\" href=\"http:\/\/roskovce.sk\/wp-content\/uploads\/2022\/07\/Zverejnenie-poctu-obyvatelov-ku-dnu-volieb.pdf\">Zverejnenie po\u010dtu obyvate\u013eov ku d\u0148u volieb<\/a><br \/><br \/><a id=\"wp-block-file--media-119ceee8-b648-47b1-a60f-fe6d2e3f49b8\" href=\"http:\/\/roskovce.sk\/wp-content\/uploads\/2022\/07\/Oznamenie-volby.pdf\">Ozn\u00e1menie &#8211; vo\u013eby 29.10.2022<\/a><br \/><br \/><a id=\"wp-block-file--media-2dd5f4fa-4b35-4a82-b8ef-15fac1376efd\" href=\"http:\/\/roskovce.sk\/wp-content\/uploads\/2022\/06\/Z.-z.-209-2022.pdf\">Vyhl\u00e1senie volieb do org\u00e1nov samospr\u00e1vy obc\u00ed a <br \/>do org\u00e1nov samospr\u00e1vnych krajov Z. z. 209\/2022<\/a><br \/><br \/><a href=\"http:\/\/roskovce.sk\/wp-content\/uploads\/2022\/12\/VYSLEDKY-KOMUNALNYCH-VOLIEB-2022-V.docx.pdf\">V\u00fdsledky komun\u00e1lnych volieb 2022<\/a><\/p>\n<p>\u00a0<\/p>\n<h5><\/h5>\t\t\t\t\t\t\t\t<\/div>\n\t\t\t\t<\/div>\n\t\t\t\t\t<\/div>\n\t\t<\/div>\n\t\t\t\t\t<\/div>\n\t\t<\/section>\n\t\t\t\t<\/div>\n\t\t","protected":false},"excerpt":{"rendered":"","protected":false},"author":1,"featured_media":0,"parent":0,"menu_order":0,"comment_status":"closed","ping_status":"closed","template":"","meta":{"footnotes":""},"class_list":["post-2112","page","type-page","status-publish","hentry"],"_links":{"self":[{"href":"https:\/\/roskovce.sk\/index.php?rest_route=\/wp\/v2\/pages\/2112","targetHints":{"allow":["GET"]}}],"collection":[{"href":"https:\/\/roskovce.sk\/index.php?rest_route=\/wp\/v2\/pages"}],"about":[{"href":"https:\/\/roskovce.sk\/index.php?rest_route=\/wp\/v2\/types\/page"}],"author":[{"embeddable":true,"href":"https:\/\/roskovce.sk\/index.php?rest_route=\/wp\/v2\/users\/1"}],"replies":[{"embeddable":true,"href":"https:\/\/roskovce.sk\/index.php?rest_route=%2Fwp%2Fv2%2Fcomments&post=2112"}],"version-history":[{"count":20,"href":"https:\/\/roskovce.sk\/index.php?rest_route=\/wp\/v2\/pages\/2112\/revisions"}],"predecessor-version":[{"id":2251,"href":"https:\/\/roskovce.sk\/index.php?rest_route=\/wp\/v2\/pages\/2112\/revisions\/2251"}],"wp:attachment":[{"href":"https:\/\/roskovce.sk\/index.php?rest_route=%2Fwp%2Fv2%2Fmedia&parent=2112"}],"curies":[{"name":"wp","href":"https:\/\/api.w.org\/{rel}","templated":true}]}}